{"id":8929,"date":"2024-02-16T16:06:10","date_gmt":"2024-02-16T21:06:10","guid":{"rendered":"https:\/\/ydosmas.com\/?page_id=8929"},"modified":"2024-02-19T08:02:20","modified_gmt":"2024-02-19T13:02:20","slug":"packaging-store","status":"publish","type":"page","link":"https:\/\/ydosmas.com\/index.php\/packaging-store\/","title":{"rendered":"Store"},"content":{"rendered":"\t\t<div data-elementor-type=\"wp-page\" data-elementor-id=\"8929\" class=\"elementor elementor-8929\" data-elementor-post-type=\"page\">\n\t\t\t\t\t\t<section class=\"elementor-section elementor-top-section elementor-element elementor-element-a517d17 elementor-section-boxed elementor-section-height-default elementor-section-height-default qodef-elementor-content-no\" data-id=\"a517d17\" data-element_type=\"section\">\n\t\t\t\t\t\t<div class=\"elementor-container elementor-column-gap-default\">\n\t\t\t\t\t<div class=\"elementor-column elementor-col-100 elementor-top-column elementor-element elementor-element-2dd4a68\" data-id=\"2dd4a68\" data-element_type=\"column\">\n\t\t\t<div class=\"elementor-widget-wrap elementor-element-populated\">\n\t\t\t\t\t\t<div class=\"elementor-element elementor-element-2d6be10 elementor-widget elementor-widget-qi_addons_for_elementor_process\" data-id=\"2d6be10\" data-element_type=\"widget\" data-widget_type=\"qi_addons_for_elementor_process.default\">\n\t\t\t\t<div class=\"elementor-widget-container\">\n\t\t\t<div class=\"qodef-shortcode qodef-m  qodef-qi-process  qodef-qi--has-appear qodef-qi-grid qodef-layout--qi-columns  qodef-col-num--3  qodef-item-layout--horizontal qodef-responsive--predefined\">\n\t<div class=\"qodef-grid-inner\">\n\t\t<div class=\"qodef-e qodef-process-item qodef-grid-item elementor-repeater-item-512e633\">\n\t<div class=\"qodef-e-inner\">\n\t\t<div class=\"qodef-e-content\">\n\t\t\t<div class=\"qodef-e-icon-holder\">\n\t<div class=\"qodef-e-icon\">\n\t\t\t\t\t<span class=\"qodef-e-item-icon-text\">\n\t\t\t\t1.\t\t\t<\/span>\n\t\t\t<\/div>\n\t<div class=\"qodef-e-line\">\n\t\t<div class=\"qodef-e-line-inner\"><\/div>\n\t<\/div>\n<\/div>\n\t\t\t\t<h5 class=\"qodef-e-title\">\n\t\tCOMPra\t<\/h5>\n\t\t\t\t<p class=\"qodef-e-text\">\n\t\tDescubre y adquiere tu archivo digital de empaque PYRA en nuestra plataforma en l\u00ednea.\t<\/p>\n\t\t<\/div>\n\t<\/div>\n<\/div>\n<div class=\"qodef-e qodef-process-item qodef-grid-item elementor-repeater-item-a3aa243\">\n\t<div class=\"qodef-e-inner\">\n\t\t<div class=\"qodef-e-content\">\n\t\t\t<div class=\"qodef-e-icon-holder\">\n\t<div class=\"qodef-e-icon\">\n\t\t\t\t\t<span class=\"qodef-e-item-icon-text\">\n\t\t\t\t2.\t\t\t<\/span>\n\t\t\t<\/div>\n\t<div class=\"qodef-e-line\">\n\t\t<div class=\"qodef-e-line-inner\"><\/div>\n\t<\/div>\n<\/div>\n\t\t\t\t<h5 class=\"qodef-e-title\">\n\t\tDESCARGA\t<\/h5>\n\t\t\t\t<p class=\"qodef-e-text\">\n\t\tDescarga instant\u00e1neamente la plantilla de corte desde el enlace proporcionado despu\u00e9s de la compra.\t<\/p>\n\t\t<\/div>\n\t<\/div>\n<\/div>\n<div class=\"qodef-e qodef-process-item qodef-grid-item elementor-repeater-item-6db02fc\">\n\t<div class=\"qodef-e-inner\">\n\t\t<div class=\"qodef-e-content\">\n\t\t\t<div class=\"qodef-e-icon-holder\">\n\t<div class=\"qodef-e-icon\">\n\t\t\t\t\t<span class=\"qodef-e-item-icon-text\">\n\t\t\t\t3.\t\t\t<\/span>\n\t\t\t<\/div>\n\t<div class=\"qodef-e-line\">\n\t\t<div class=\"qodef-e-line-inner\"><\/div>\n\t<\/div>\n<\/div>\n\t\t\t\t<h5 class=\"qodef-e-title\">\n\t\tEnsambla\t<\/h5>\n\t\t\t\t<p class=\"qodef-e-text\">\n\t\t\u00a1Prepara tu impresora y materiales de ensamblaje y comienza a dar forma a tu propio PYRA en casa!\t<\/p>\n\t\t<\/div>\n\t<\/div>\n<\/div>\n\t<\/div>\n<\/div>\n\t\t<\/div>\n\t\t\t\t<\/div>\n\t\t\t\t<div class=\"elementor-element elementor-element-c079fce elementor-widget elementor-widget-spacer\" data-id=\"c079fce\" data-element_type=\"widget\" data-widget_type=\"spacer.default\">\n\t\t\t\t<div class=\"elementor-widget-container\">\n\t\t\t<style>\/*! elementor - v3.22.0 - 17-06-2024 *\/\n.elementor-column .elementor-spacer-inner{height:var(--spacer-size)}.e-con{--container-widget-width:100%}.e-con-inner>.elementor-widget-spacer,.e-con>.elementor-widget-spacer{width:var(--container-widget-width,var(--spacer-size));--align-self:var(--container-widget-align-self,initial);--flex-shrink:0}.e-con-inner>.elementor-widget-spacer>.elementor-widget-container,.e-con>.elementor-widget-spacer>.elementor-widget-container{height:100%;width:100%}.e-con-inner>.elementor-widget-spacer>.elementor-widget-container>.elementor-spacer,.e-con>.elementor-widget-spacer>.elementor-widget-container>.elementor-spacer{height:100%}.e-con-inner>.elementor-widget-spacer>.elementor-widget-container>.elementor-spacer>.elementor-spacer-inner,.e-con>.elementor-widget-spacer>.elementor-widget-container>.elementor-spacer>.elementor-spacer-inner{height:var(--container-widget-height,var(--spacer-size))}.e-con-inner>.elementor-widget-spacer.elementor-widget-empty,.e-con>.elementor-widget-spacer.elementor-widget-empty{position:relative;min-height:22px;min-width:22px}.e-con-inner>.elementor-widget-spacer.elementor-widget-empty .elementor-widget-empty-icon,.e-con>.elementor-widget-spacer.elementor-widget-empty .elementor-widget-empty-icon{position:absolute;top:0;bottom:0;left:0;right:0;margin:auto;padding:0;width:22px;height:22px}<\/style>\t\t<div class=\"elementor-spacer\">\n\t\t\t<div class=\"elementor-spacer-inner\"><\/div>\n\t\t<\/div>\n\t\t\t\t<\/div>\n\t\t\t\t<\/div>\n\t\t\t\t<div class=\"elementor-element elementor-element-1b34c4e elementor-grid-3 elementor-grid-tablet-3 elementor-grid-mobile-2 elementor-products-grid elementor-wc-products elementor-widget elementor-widget-woocommerce-products\" data-id=\"1b34c4e\" data-element_type=\"widget\" data-widget_type=\"woocommerce-products.default\">\n\t\t\t\t<div class=\"elementor-widget-container\">\n\t\t\t<link rel=\"stylesheet\" href=\"https:\/\/ydosmas.com\/wp-content\/plugins\/elementor-pro\/assets\/css\/widget-woocommerce.min.css\"><div class=\"woocommerce columns-3 \"><div class=\"qodef-woo-product-list qodef-item-layout--info-below qodef-gutter--normal\"><ul class=\"products elementor-grid columns-3\">\n<li class=\"product type-product post-8959 status-publish first instock product_cat-packaging product_cat-download product_tag-digital product_tag-diy product_tag-heart product_tag-packaging has-post-thumbnail downloadable virtual taxable purchasable product-type-simple\">\n\t<div class=\"qodef-woo-product-inner\"><div class=\"qodef-woo-product-image\"><a href=\"https:\/\/ydosmas.com\/index.php\/producto\/amorcorazon-packaging\/\" class=\"qodef-woo-product-image-link\"><img fetchpriority=\"high\" decoding=\"async\" width=\"300\" height=\"300\" src=\"https:\/\/ydosmas.com\/wp-content\/uploads\/2024\/02\/HEART_01-300x300.jpg\" class=\"attachment-woocommerce_thumbnail size-woocommerce_thumbnail\" alt=\"\" srcset=\"https:\/\/ydosmas.com\/wp-content\/uploads\/2024\/02\/HEART_01-300x300.jpg 300w, https:\/\/ydosmas.com\/wp-content\/uploads\/2024\/02\/HEART_01-150x150.jpg 150w, https:\/\/ydosmas.com\/wp-content\/uploads\/2024\/02\/HEART_01-650x650.jpg 650w, https:\/\/ydosmas.com\/wp-content\/uploads\/2024\/02\/HEART_01-100x100.jpg 100w\" sizes=\"(max-width: 300px) 100vw, 300px\" \/><\/a><\/div><div class=\"qodef-woo-product-content\"><h6 class=\"qodef-woo-product-title woocommerce-loop-product__title\">AMORCORAZ\u00d3N Packaging<\/h6>\n\t<span class=\"price\"><span class=\"woocommerce-Price-amount amount\"><bdi><span class=\"woocommerce-Price-currencySymbol\">&#36;<\/span>&nbsp;9.000<\/bdi><\/span><\/span>\n<a href=\"?add-to-cart=8959\" aria-describedby=\"woocommerce_loop_add_to_cart_link_describedby_8959\" data-quantity=\"1\" class=\"button product_type_simple add_to_cart_button ajax_add_to_cart\" data-product_id=\"8959\" data-product_sku=\"\" aria-label=\"Add to cart: &ldquo;AMORCORAZ\u00d3N Packaging&rdquo;\" rel=\"nofollow\">Add to cart<\/a><span id=\"woocommerce_loop_add_to_cart_link_describedby_8959\" class=\"screen-reader-text\">\n\t<\/span>\n<\/div><a href=\"https:\/\/ydosmas.com\/index.php\/producto\/amorcorazon-packaging\/\" class=\"woocommerce-LoopProduct-link woocommerce-loop-product__link\"><\/a><\/div><\/li>\n<li class=\"product type-product post-1836 status-publish instock product_cat-packaging product_cat-download product_tag-diy product_tag-fura product_tag-packaging product_tag-printable has-post-thumbnail downloadable virtual taxable purchasable product-type-simple\">\n\t<div class=\"qodef-woo-product-inner\"><div class=\"qodef-woo-product-image\"><a href=\"https:\/\/ydosmas.com\/index.php\/producto\/where-am-i\/\" class=\"qodef-woo-product-image-link\"><img decoding=\"async\" width=\"300\" height=\"300\" src=\"https:\/\/ydosmas.com\/wp-content\/uploads\/2021\/05\/FURA_01-300x300.jpg\" class=\"attachment-woocommerce_thumbnail size-woocommerce_thumbnail\" alt=\"\" srcset=\"https:\/\/ydosmas.com\/wp-content\/uploads\/2021\/05\/FURA_01-300x300.jpg 300w, https:\/\/ydosmas.com\/wp-content\/uploads\/2021\/05\/FURA_01-150x150.jpg 150w, https:\/\/ydosmas.com\/wp-content\/uploads\/2021\/05\/FURA_01-650x650.jpg 650w, https:\/\/ydosmas.com\/wp-content\/uploads\/2021\/05\/FURA_01-100x100.jpg 100w\" sizes=\"(max-width: 300px) 100vw, 300px\" \/><\/a><\/div><div class=\"qodef-woo-product-content\"><h6 class=\"qodef-woo-product-title woocommerce-loop-product__title\">FURA Packaging<\/h6>\n\t<span class=\"price\"><span class=\"woocommerce-Price-amount amount\"><bdi><span class=\"woocommerce-Price-currencySymbol\">&#36;<\/span>&nbsp;9.000<\/bdi><\/span><\/span>\n<a href=\"?add-to-cart=1836\" aria-describedby=\"woocommerce_loop_add_to_cart_link_describedby_1836\" data-quantity=\"1\" class=\"button product_type_simple add_to_cart_button ajax_add_to_cart\" data-product_id=\"1836\" data-product_sku=\"0018\" aria-label=\"Add to cart: &ldquo;FURA Packaging&rdquo;\" rel=\"nofollow\">Add to cart<\/a><span id=\"woocommerce_loop_add_to_cart_link_describedby_1836\" class=\"screen-reader-text\">\n\t<\/span>\n<\/div><a href=\"https:\/\/ydosmas.com\/index.php\/producto\/where-am-i\/\" class=\"woocommerce-LoopProduct-link woocommerce-loop-product__link\"><\/a><\/div><\/li>\n<li class=\"new product type-product post-1835 status-publish last instock product_cat-download product_cat-packaging product_tag-diy product_tag-download product_tag-packaging product_tag-pyramid has-post-thumbnail downloadable virtual taxable purchasable product-type-simple\">\n\t<div class=\"qodef-woo-product-inner\"><div class=\"qodef-woo-product-image\"><a href=\"https:\/\/ydosmas.com\/index.php\/producto\/book-cover\/\" class=\"qodef-woo-product-image-link\"><img decoding=\"async\" width=\"300\" height=\"300\" src=\"https:\/\/ydosmas.com\/wp-content\/uploads\/2021\/05\/PYRAMID_01-300x300.jpg\" class=\"attachment-woocommerce_thumbnail size-woocommerce_thumbnail\" alt=\"\" srcset=\"https:\/\/ydosmas.com\/wp-content\/uploads\/2021\/05\/PYRAMID_01-300x300.jpg 300w, https:\/\/ydosmas.com\/wp-content\/uploads\/2021\/05\/PYRAMID_01-150x150.jpg 150w, https:\/\/ydosmas.com\/wp-content\/uploads\/2021\/05\/PYRAMID_01-650x650.jpg 650w, https:\/\/ydosmas.com\/wp-content\/uploads\/2021\/05\/PYRAMID_01-100x100.jpg 100w\" sizes=\"(max-width: 300px) 100vw, 300px\" \/><span class=\"qodef-woo-product-mark qodef-new\">New<\/span><\/a><\/div><div class=\"qodef-woo-product-content\"><h6 class=\"qodef-woo-product-title woocommerce-loop-product__title\">PYRAMID Packaging<\/h6>\n\t<span class=\"price\"><span class=\"woocommerce-Price-amount amount\"><bdi><span class=\"woocommerce-Price-currencySymbol\">&#36;<\/span>&nbsp;9.000<\/bdi><\/span><\/span>\n<a href=\"?add-to-cart=1835\" aria-describedby=\"woocommerce_loop_add_to_cart_link_describedby_1835\" data-quantity=\"1\" class=\"button product_type_simple add_to_cart_button ajax_add_to_cart\" data-product_id=\"1835\" data-product_sku=\"0017\" aria-label=\"Add to cart: &ldquo;PYRAMID Packaging&rdquo;\" rel=\"nofollow\">Add to cart<\/a><span id=\"woocommerce_loop_add_to_cart_link_describedby_1835\" class=\"screen-reader-text\">\n\t<\/span>\n<\/div><a href=\"https:\/\/ydosmas.com\/index.php\/producto\/book-cover\/\" class=\"woocommerce-LoopProduct-link woocommerce-loop-product__link\"><\/a><\/div><\/li>\n<\/ul>\n<\/div><\/div>\t\t<\/div>\n\t\t\t\t<\/div>\n\t\t\t\t\t<\/div>\n\t\t<\/div>\n\t\t\t\t\t<\/div>\n\t\t<\/section>\n\t\t\t\t<section class=\"elementor-section elementor-top-section elementor-element elementor-element-a160beb elementor-section-boxed elementor-section-height-default elementor-section-height-default qodef-elementor-content-no\" data-id=\"a160beb\" data-element_type=\"section\">\n\t\t\t\t\t\t<div class=\"elementor-container elementor-column-gap-default\">\n\t\t\t\t\t<div class=\"elementor-column elementor-col-100 elementor-top-column elementor-element elementor-element-64331f8\" data-id=\"64331f8\" data-element_type=\"column\">\n\t\t\t<div class=\"elementor-widget-wrap elementor-element-populated\">\n\t\t\t\t\t\t<div class=\"elementor-element elementor-element-f6e5b96 elementor-widget elementor-widget-qi_addons_for_elementor_call_to_action\" data-id=\"f6e5b96\" data-element_type=\"widget\" data-widget_type=\"qi_addons_for_elementor_call_to_action.default\">\n\t\t\t\t<div class=\"elementor-widget-container\">\n\t\t\t<div class=\"qodef-shortcode qodef-m  qodef-qi-call-to-action qodef-layout--standard  \">\n\t<div class=\"qodef-m-inner\">\n\t\t<div class=\"qodef-m-content\">\n\t\t\t<h5 class=\"qodef-m-title\">\n\t\t\tNecesitas ayuda?\t\t<\/h5>\n\t\t\t\t<div class=\"qodef-m-text\">\n\t\t\t\u00a1Estamos aqu\u00ed para ayudarte a dar vida a tus ideas! Si tienes alguna pregunta sobre dise\u00f1o de empaques o nuestros productos descargables y personalizables, no dudes en contactarnos. Estamos encantados de brindarte toda la asistencia que necesites.\t\t<\/div>\n\t<\/div>\n\t\t\t<div class=\"qodef-m-button\">\n\t\t<a class=\"qodef-shortcode qodef-m  qodef-qi-button qodef-html--link qodef-layout--filled qodef-type--standard   qodef-icon--right qodef-hover--icon-move-horizontal-short     \" href=\"https:\/\/ydosmas.com\/index.php\/contact-us\/\" target=\"_self\">\t<span class=\"qodef-m-text\">Click Aqu\u00ed<\/span>\t<\/a>\t<\/div>\n\t\t\t<\/div>\n<\/div>\n\t\t<\/div>\n\t\t\t\t<\/div>\n\t\t\t\t\t<\/div>\n\t\t<\/div>\n\t\t\t\t\t<\/div>\n\t\t<\/section>\n\t\t\t\t<\/div>\n\t\t","protected":false},"excerpt":{"rendered":"<p>1. COMPra Descubre y adquiere tu archivo digital de empaque PYRA en nuestra plataforma en l\u00ednea. 2. DESCARGA Descarga instant\u00e1neamente la plantilla de corte desde el enlace proporcionado despu\u00e9s de la compra. 3. Ensambla \u00a1Prepara tu impresora y materiales de ensamblaje y comienza a dar forma a tu propio PYRA en casa! Necesitas ayuda? \u00a1Estamos [&hellip;]<\/p>\n","protected":false},"author":1,"featured_media":0,"parent":0,"menu_order":0,"comment_status":"closed","ping_status":"closed","template":"","meta":{"footnotes":""},"class_list":["post-8929","page","type-page","status-publish","hentry"],"_links":{"self":[{"href":"https:\/\/ydosmas.com\/index.php\/wp-json\/wp\/v2\/pages\/8929","targetHints":{"allow":["GET"]}}],"collection":[{"href":"https:\/\/ydosmas.com\/index.php\/wp-json\/wp\/v2\/pages"}],"about":[{"href":"https:\/\/ydosmas.com\/index.php\/wp-json\/wp\/v2\/types\/page"}],"author":[{"embeddable":true,"href":"https:\/\/ydosmas.com\/index.php\/wp-json\/wp\/v2\/users\/1"}],"replies":[{"embeddable":true,"href":"https:\/\/ydosmas.com\/index.php\/wp-json\/wp\/v2\/comments?post=8929"}],"version-history":[{"count":14,"href":"https:\/\/ydosmas.com\/index.php\/wp-json\/wp\/v2\/pages\/8929\/revisions"}],"predecessor-version":[{"id":8969,"href":"https:\/\/ydosmas.com\/index.php\/wp-json\/wp\/v2\/pages\/8929\/revisions\/8969"}],"wp:attachment":[{"href":"https:\/\/ydosmas.com\/index.php\/wp-json\/wp\/v2\/media?parent=8929"}],"curies":[{"name":"wp","href":"https:\/\/api.w.org\/{rel}","templated":true}]}}